site number?
False
Is 239056880251 prime?
False
Is 5279585417 composite?
True
Is 2816745817 a prime number?
False
Is 11249544353 a prime number?
True
Is 17548214503 a prime number?
False
Is 189257837 composite?
True
Is 463189583 a prime number?
True
Is 28468281827 a prime number?
False
Is 274205979953 a composite number?
False
Is 769464601 a prime number?
False
Is 169423549 a prime number?
True
Is 2328207859 a composite number?
False
Is 1100371211 a composite number?
False
Is 871377359 a composite number?
True
Is 97756101505 composite?
True
Is 728972009 a composite number?
True
Is 815554409 a composite number?
False
Is 2937634463 a composite number?
False
Is 38758718261 composite?
False
Is 16142065117 a prime number?
True
Is 17360136119 a prime number?
False
Is 173366659579 a composite number?
True
Is 7929808987 a composite number?
False
Is 90801709 a prime number?
False
Is 493911563 a composite number?
True
Is 421539311 a composite number?
False
Is 38859097877 a prime number?
True
Is 1015873853 composite?
True
Is 25425383 composite?
False
Is 817647529 a composite number?
True
Is 165350791 prime?
False
Is 114439001753 a prime number?
False
Is 1358605637 a composite number?
False
Is 2128100249 prime?
False
Is 8638560907 prime?
True
Is 24844915247 composite?
True
Is 79297796899 prime?
False
Is 45541739855 composite?
True
Is 5517901313 prime?
True
Is 175420753 a prime number?
True
Is 1388115031 a prime number?
False
Is 128746235 a prime number?
False
Is 105158171383 composite?
True
Is 375258270781 prime?
False
Is 3780914119 composite?
True
Is 3302551894 a composite number?
True
Is 16336669 composite?
False
Is 1893183239 composite?
True
Is 6223116893 prime?
False
Is 1973615143 composite?
True
Is 276463883 composite?
True
Is 10105759 a prime number?
False
Is 9392107349 prime?
False
Is 779956778 a composite number?
True
Is 5712063821 composite?
False
Is 116986661893 a prime number?
True
Is 2311326131 a prime number?
False
Is 157238995 a composite number?
True
Is 1106191183 a composite number?
True
Is 82010880517 composite?
False
Is 7352513159 prime?
False
Is 99492587209 composite?
True
Is 4683676901 a composite number?
True
Is 326599463 composite?
False
Is 947592845 a composite number?
True
Is 3007997807 a prime number?
True
Is 94408894 composite?
True
Is 67474950973 a composite number?
True
Is 5368524151 a prime number?
False
Is 7883506129 a composite number?
False
Is 5236759729 a composite number?
True
Is 10364466523 composite?
True
Is 17878976339 a composite number?
True
Is 16206398191 a prime number?
True
Is 58837769467 prime?
True
Is 609506059 a prime number?
False
Is 650657307 composite?
True
Is 63580481 composite?
True
Is 2129240057 prime?
False
Is 25466669881 prime?
True
Is 407612573 prime?
False
Is 15518964361 prime?
True
Is 2726901157 a prime number?
False
Is 222975761 a prime number?
False
Is 2685873665 composite?
True
Is 18623149099 a prime number?
True
Is 696508639 prime?
True
Is 57699774673 prime?
True
Is 5341311301 composite?
True
Is 2850244863 composite?
True
Is 19157721659 prime?
True
Is 487786823 a prime number?
True
Is 1394791219 prime?
True
Is 4462100827 prime?
True
Is 43511471 composite?
True
Is 159979051423 a prime number?
False
Is 28264314086 prime?
False
Is 2008068649 prime?
True
Is 1835311663 a composite number?
True
Is 1755193 a composite number?
True
Is 856723877 composite?
False
Is 2387525521 composite?
True
Is 19975384261 prime?
False
Is 211158869 a prime number?
False
Is 331341491057 a composite number?
False
Is 5744055929 a composite number?
True
Is 82992291695 a prime number?
False
Is 10925042591 a composite number?
False
Is 893112089 prime?
True
Is 14674601 a composite number?
True
Is 402736621655 a composite number?
True
Is 2644205671 a prime number?
False
Is 49059553 composite?
True
Is 1230059035 a composite number?
True
Is 136044607 a prime number?
True
Is 3943954591 a composite number?
True
Is 4372303931 composite?
False
Is 1029198623 a prime number?
False
Is 6067177513 composite?
False
Is 3366436457 a composite number?
True
Is 2157555511 a composite number?
False
Is 1358996203 a prime number?
False
Is 86321385323 a composite number?
False
Is 14316024439 prime?
False
Is 5369547889 a composite number?
True
Is 105216380377 a prime number?
False
Is 67089978727 a prime number?
True
Is 180206797 a composite number?
False
Is 530307839 a composite number?
True
Is 1894358707 a composite number?
True
Is 2151854083 a composite number?
True
Is 27995119469 a prime number?
True
Is 1702869673 a composite number?
True
Is 51232234871 a prime number?
False
Is 10827598993 a composite number?
True
Is 303663923 a prime number?
False
Is 196306379 a composite number?
False
Is 327783938 a prime number?
False
Is 1865026649 prime?
True
Is 1722186461 a prime number?
True
Is 57964103 prime?
False
Is 2175739351 a prime number?
True
Is 12335099831 composite?
False
Is 345369151 composite?
True
Is 18875958247 composite?
True
Is 39277908097 a prime number?
True
Is 9087245561 a prime number?
False
Is 32838813253 composite?
False
Is 8373951767 a composite number?
False
Is 118555883 prime?
True
Is 83547012947 a composite number?
False
Is 17918250509 composite?
False
Is 3021511313 composite?
False
Is 14143063087 a composite number?
False
Is 1041508939 composite?
False
Is 3168847 a prime number?
False
Is 729634417 a prime number?
True
Is 12649205809 prime?
True
Is 1108634203 a prime number?
True
Is 37069972031 prime?
True
Is 3035070793 prime?
False
Is 3100015847 a prime number?
True
Is 320414039 prime?
False
Is 5296707781 composite?
False
Is 1455291193 a composite number?
False
Is 122698845253 composite?
True
Is 193930553 a composite number?
False
Is 2242714031 composite?
False
Is 315884563 composite?
True
Is 2236066907 a composite number?
False
Is 1275947 prime?
True
Is 3644417251 a composite number?
False
Is 5105416181 composite?
False
Is 7196852057 a composite number?
True
Is 822754987 a composite number?
True
Is 883708099 composite?
True
Is 684631823 prime?
False
Is 20211450901 composite?
False
Is 76577946703 prime?
True
Is 30068888297 composite?
True
Is 877899809 prime?
True
Is 28734867383 a composite number?
True
Is 2492821393 a prime number?
True
Is 56244521 prime?
True
Is 325683577 a prime number?
False
Is 219120087 prime?
False
Is 5898044351 a prime number?
True
Is 2899529821 composite?
False
Is 4946777819 composite?
False
Is 14185391167 prime?
True
Is 1239258407 a prime number?
True
Is 3785483147 a prime number?
True
Is 106397415379 prime?
True
Is 29032207495 composite?
True
Is 7791860753 a composite number?
False
Is 86756987929 a composite number?
True
Is 78339979549 prime?
False
Is 5868367009 composite?
True
Is 6800083111 composite?
False
Is 5176784623 a prime number?
True
Is 9239407613 prime?
True
Is 382786139 prime?
False
Is 10713879731 composite?
False
Is 78496649801 a prime number?
False
Is 26015495809 composite?
True
Is 1291983991 composite?
True
Is 677173201 a prime number?
False
Is 44941301299 prime?
True
Is 9266905465 a prime number?
False
Is 8734538417 composite?
True
Is 8875315003 a prime number?
False
Is 1279686481 prime?
True
Is 5493874721 a composite number?
False
Is 24741088111 a prime number?
True
Is 770423809 a composite number?
False
Is 2568621149 composite?
True
Is 45078822739 composite?
False
Is 82522911179 composite?
False
Is 3572805979 a composite number?
True
Is 7771958171 a composite number?
False
Is 991246913 a composite number?
False
Is 716831431 a prime number?
False
Is 408436733 composite?
False
Is 641505223 a prime number?
False
Is 13621294289 composite?
True
Is 2442595621 composite?
False
Is 4119631177 a composite number?
True
Is 491406977 a prime number?
True
Is 7923563 a composite number?
False
Is 65407556911 a composite number?
True
Is 2309804857 composite?
False
Is 759429893 prime?
False
Is 3027406373 prime?
True
Is 395104609 composite?
False
Is 281733631 a composite number?
False
Is 2413057385 a composite number?
True
Is 279642203 a composite number?
True
Is 16739223103 composite?
True
Is 29175287543 prime?
False
Is 949933493 composite?
True
Is 11743178129 composite?
True
Is 608906953 a prime number?
True
Is 2899742653 a prime number?
True
Is 3164601201 a prime number?
False
Is 27261919 a composite 